{"id":1876,"date":"2024-11-03T23:02:37","date_gmt":"2024-11-04T07:02:37","guid":{"rendered":"https:\/\/joincon.net\/?post_type=product&#038;p=1876"},"modified":"2025-07-14T22:49:24","modified_gmt":"2025-07-15T05:49:24","slug":"joincon-diy-cabin-3d-three-dimensional-night-light-wooden-bookend-jigsaw-building-model-sq-35-star-map-secrets","status":"publish","type":"product","link":"https:\/\/joincon.net\/index.php\/product\/joincon-diy-cabin-3d-three-dimensional-night-light-wooden-bookend-jigsaw-building-model-sq-35-star-map-secrets\/","title":{"rendered":"Joincon DIY book nook kit Divination 3D puzzle Exquisite workmanship ingeniously constructed manufactured of eco-friendly Office gift-giving 14+ adults gift present Star Map Secrets SQ-35"},"content":{"rendered":"<p><img loading=\"lazy\" decoding=\"async\" class=\"size-medium wp-image-2394 aligncenter\" src=\"https:\/\/joincon.net\/wp-content\/uploads\/2024\/11\/1-10-1024x519.jpg\" alt=\"\" width=\"1024\" height=\"519\" srcset=\"https:\/\/joincon.net\/wp-content\/uploads\/2024\/11\/1-10-1024x519.jpg 1024w, https:\/\/joincon.net\/wp-content\/uploads\/2024\/11\/1-10-800x406.jpg 800w, https:\/\/joincon.net\/wp-content\/uploads\/2024\/11\/1-10-768x389.jpg 768w, https:\/\/joincon.net\/wp-content\/uploads\/2024\/11\/1-10-1536x779.jpg 1536w, https:\/\/joincon.net\/wp-content\/uploads\/2024\/11\/1-10-600x304.jpg 600w, https:\/\/joincon.net\/wp-content\/uploads\/2024\/11\/1-10.jpg 1578w\" sizes=\"auto, (max-width: 1024px) 100vw, 1024px\" \/><\/p>\n<p><img loading=\"lazy\" decoding=\"async\" class=\"size-medium wp-image-2395 aligncenter\" src=\"https:\/\/joincon.net\/wp-content\/uploads\/2024\/11\/2-6-1024x519.jpg\" alt=\"\" width=\"1024\" height=\"519\" srcset=\"https:\/\/joincon.net\/wp-content\/uploads\/2024\/11\/2-6-1024x519.jpg 1024w, https:\/\/joincon.net\/wp-content\/uploads\/2024\/11\/2-6-800x406.jpg 800w, https:\/\/joincon.net\/wp-content\/uploads\/2024\/11\/2-6-768x389.jpg 768w, https:\/\/joincon.net\/wp-content\/uploads\/2024\/11\/2-6-1536x779.jpg 1536w, https:\/\/joincon.net\/wp-content\/uploads\/2024\/11\/2-6-600x304.jpg 600w, https:\/\/joincon.net\/wp-content\/uploads\/2024\/11\/2-6.jpg 1578w\" sizes=\"auto, (max-width: 1024px) 100vw, 1024px\" \/><\/p>\n<p><img loading=\"lazy\" decoding=\"async\" class=\"size-medium wp-image-2396 aligncenter\" src=\"https:\/\/joincon.net\/wp-content\/uploads\/2024\/11\/3-5-1024x519.jpg\" alt=\"\" width=\"1024\" height=\"519\" srcset=\"https:\/\/joincon.net\/wp-content\/uploads\/2024\/11\/3-5-1024x519.jpg 1024w, https:\/\/joincon.net\/wp-content\/uploads\/2024\/11\/3-5-800x406.jpg 800w, https:\/\/joincon.net\/wp-content\/uploads\/2024\/11\/3-5-768x389.jpg 768w, https:\/\/joincon.net\/wp-content\/uploads\/2024\/11\/3-5-1536x779.jpg 1536w, https:\/\/joincon.net\/wp-content\/uploads\/2024\/11\/3-5-600x304.jpg 600w, https:\/\/joincon.net\/wp-content\/uploads\/2024\/11\/3-5.jpg 1578w\" sizes=\"auto, (max-width: 1024px) 100vw, 1024px\" \/><\/p>\n<p><img loading=\"lazy\" decoding=\"async\" class=\"size-medium wp-image-2398 aligncenter\" src=\"https:\/\/joincon.net\/wp-content\/uploads\/2024\/11\/4-9-1024x519.jpg\" alt=\"\" width=\"1024\" height=\"519\" srcset=\"https:\/\/joincon.net\/wp-content\/uploads\/2024\/11\/4-9-1024x519.jpg 1024w, https:\/\/joincon.net\/wp-content\/uploads\/2024\/11\/4-9-800x406.jpg 800w, https:\/\/joincon.net\/wp-content\/uploads\/2024\/11\/4-9-768x389.jpg 768w, https:\/\/joincon.net\/wp-content\/uploads\/2024\/11\/4-9-1536x779.jpg 1536w, https:\/\/joincon.net\/wp-content\/uploads\/2024\/11\/4-9-600x304.jpg 600w, https:\/\/joincon.net\/wp-content\/uploads\/2024\/11\/4-9.jpg 1578w\" sizes=\"auto, (max-width: 1024px) 100vw, 1024px\" \/><\/p>\n<p><img loading=\"lazy\" decoding=\"async\" class=\"size-medium wp-image-2399 aligncenter\" src=\"https:\/\/joincon.net\/wp-content\/uploads\/2024\/11\/5-6-1024x519.jpg\" alt=\"\" width=\"1024\" height=\"519\" srcset=\"https:\/\/joincon.net\/wp-content\/uploads\/2024\/11\/5-6-1024x519.jpg 1024w, https:\/\/joincon.net\/wp-content\/uploads\/2024\/11\/5-6-800x406.jpg 800w, https:\/\/joincon.net\/wp-content\/uploads\/2024\/11\/5-6-768x389.jpg 768w, https:\/\/joincon.net\/wp-content\/uploads\/2024\/11\/5-6-1536x779.jpg 1536w, https:\/\/joincon.net\/wp-content\/uploads\/2024\/11\/5-6-600x304.jpg 600w, https:\/\/joincon.net\/wp-content\/uploads\/2024\/11\/5-6.jpg 1578w\" sizes=\"auto, (max-width: 1024px) 100vw, 1024px\" \/><\/p>\n<p><img loading=\"lazy\" decoding=\"async\" class=\"size-medium wp-image-2400 aligncenter\" src=\"https:\/\/joincon.net\/wp-content\/uploads\/2024\/11\/6-4-1024x519.jpg\" alt=\"\" width=\"1024\" height=\"519\" srcset=\"https:\/\/joincon.net\/wp-content\/uploads\/2024\/11\/6-4-1024x519.jpg 1024w, https:\/\/joincon.net\/wp-content\/uploads\/2024\/11\/6-4-800x406.jpg 800w, https:\/\/joincon.net\/wp-content\/uploads\/2024\/11\/6-4-768x389.jpg 768w, https:\/\/joincon.net\/wp-content\/uploads\/2024\/11\/6-4-1536x779.jpg 1536w, https:\/\/joincon.net\/wp-content\/uploads\/2024\/11\/6-4-600x304.jpg 600w, https:\/\/joincon.net\/wp-content\/uploads\/2024\/11\/6-4.jpg 1578w\" sizes=\"auto, (max-width: 1024px) 100vw, 1024px\" \/><\/p>\n<p>&nbsp;<\/p>\n<h4>Features\uff1a<\/h4>\n<p>\ud83d\udd0dStar map secrets pas seulement une \u0153uvre d&#8217;art unique pour votre \u00e9tag\u00e8re, mais aussi un cadeau pr\u00e9cieux pour l&#8217;\u00e2me et un ajout parfait \u00e0 votre espace de lecture.<\/p>\n<p>\ud83c\udf81This collectible Star map secrets bookcase dollhouse kit has a lot of real features worth exploring, curiosity and exploration of the mysteries of the universe, integrating interstellar elements into life, adding a sci-fi color, and clever design to cause a sensation.<\/p>\n<p>\u2728It can be used as a children\u2019s educational toy to develop children\u2019s left brain and cultivate children\u2019s strong logical thinking ability.<\/p>\n<h5>Friendly reminder :<\/h5>\n<p>Dear customer, all of our company&#8217;s products have undergone multiple inspection processes. Under normal circumstances, there will be no shortage of items. After opening the package, please first check whether all the boards and accessory packages are complete according to the front page of the instruction manual. If there are any missing parts, please contact me at any time and I will arrange for replacement. Please do not return the goods directly. Once the packaging of such goods is opened, they cannot be resold.We appreciate your understanding.<\/p>\n<h4>Hot-selling products\uff1a<\/h4>\n<p><a href=\"https:\/\/joincon.net\/index.php\/product\/a-magic-night-lane-diy-booknook-assembly-toy-with-solid-wood-handmade-light-effect-decorated-with-cats-suitable-for-adults-14-years-old-and-above-sq-16\/\"><img loading=\"lazy\" decoding=\"async\" class=\"alignleft wp-image-2401\" src=\"https:\/\/joincon.net\/wp-content\/uploads\/2024\/11\/7-2.jpg\" alt=\"\" width=\"254\" height=\"254\" srcset=\"https:\/\/joincon.net\/wp-content\/uploads\/2024\/11\/7-2.jpg 768w, https:\/\/joincon.net\/wp-content\/uploads\/2024\/11\/7-2-300x300.jpg 300w, https:\/\/joincon.net\/wp-content\/uploads\/2024\/11\/7-2-600x600.jpg 600w, https:\/\/joincon.net\/wp-content\/uploads\/2024\/11\/7-2-100x100.jpg 100w\" sizes=\"auto, (max-width: 254px) 100vw, 254px\" \/><\/a> <a href=\"https:\/\/joincon.net\/index.php\/product\/joincon-diy-bookend-manual-corner-kit-assembled-wooden-3d-diorama-desk-decoration-one-piece-decoration-sq-36-new-world-ghip\/\"><img loading=\"lazy\" decoding=\"async\" class=\"alignleft wp-image-2402\" src=\"https:\/\/joincon.net\/wp-content\/uploads\/2024\/11\/8-1024x1024.png\" alt=\"\" width=\"254\" height=\"254\" srcset=\"https:\/\/joincon.net\/wp-content\/uploads\/2024\/11\/8-1024x1024.png 1024w, https:\/\/joincon.net\/wp-content\/uploads\/2024\/11\/8-800x800.png 800w, https:\/\/joincon.net\/wp-content\/uploads\/2024\/11\/8-768x768.png 768w, https:\/\/joincon.net\/wp-content\/uploads\/2024\/11\/8-300x300.png 300w, https:\/\/joincon.net\/wp-content\/uploads\/2024\/11\/8-600x600.png 600w, https:\/\/joincon.net\/wp-content\/uploads\/2024\/11\/8-100x100.png 100w, https:\/\/joincon.net\/wp-content\/uploads\/2024\/11\/8.png 1536w\" sizes=\"auto, (max-width: 254px) 100vw, 254px\" \/><\/a> <a href=\"https:\/\/joincon.net\/index.php\/product\/joincon-diy-wooden-handmade-book-corner-kit-assembled-wooden-doll-house-3d-diorama-desk-decoration-toys-sq-38-magic-academy\/\"><img loading=\"lazy\" decoding=\"async\" class=\"alignleft wp-image-2403\" src=\"https:\/\/joincon.net\/wp-content\/uploads\/2024\/11\/9-1-1024x1024.jpg\" alt=\"\" width=\"254\" height=\"254\" srcset=\"https:\/\/joincon.net\/wp-content\/uploads\/2024\/11\/9-1-1024x1024.jpg 1024w, https:\/\/joincon.net\/wp-content\/uploads\/2024\/11\/9-1-800x800.jpg 800w, https:\/\/joincon.net\/wp-content\/uploads\/2024\/11\/9-1-768x768.jpg 768w, https:\/\/joincon.net\/wp-content\/uploads\/2024\/11\/9-1-300x300.jpg 300w, https:\/\/joincon.net\/wp-content\/uploads\/2024\/11\/9-1-600x600.jpg 600w, https:\/\/joincon.net\/wp-content\/uploads\/2024\/11\/9-1-100x100.jpg 100w, https:\/\/joincon.net\/wp-content\/uploads\/2024\/11\/9-1.jpg 1536w\" sizes=\"auto, (max-width: 254px) 100vw, 254px\" \/><\/a> <a href=\"https:\/\/joincon.net\/index.php\/product\/joincon-hand-assembled-creative-bookshelf-tabletop-decoration-diy-cabin-hand-assembled-wooden-sq-27-%ef%bc%88planetary-era%ef%bc%89\/\"><img loading=\"lazy\" decoding=\"async\" class=\"alignleft wp-image-2404\" src=\"https:\/\/joincon.net\/wp-content\/uploads\/2024\/11\/10-1024x1024.jpg\" alt=\"\" width=\"254\" height=\"254\" srcset=\"https:\/\/joincon.net\/wp-content\/uploads\/2024\/11\/10-1024x1024.jpg 1024w, https:\/\/joincon.net\/wp-content\/uploads\/2024\/11\/10-800x800.jpg 800w, https:\/\/joincon.net\/wp-content\/uploads\/2024\/11\/10-768x768.jpg 768w, https:\/\/joincon.net\/wp-content\/uploads\/2024\/11\/10-1536x1536.jpg 1536w, https:\/\/joincon.net\/wp-content\/uploads\/2024\/11\/10-300x300.jpg 300w, https:\/\/joincon.net\/wp-content\/uploads\/2024\/11\/10-600x600.jpg 600w, https:\/\/joincon.net\/wp-content\/uploads\/2024\/11\/10-100x100.jpg 100w, https:\/\/joincon.net\/wp-content\/uploads\/2024\/11\/10.jpg 2001w\" sizes=\"auto, (max-width: 254px) 100vw, 254px\" \/><\/a><\/p>\n<p>&nbsp;<\/p>\n","protected":false},"excerpt":{"rendered":"<p>Do you believe in divination\uff1f Are you eager to explore the mysterious world of Tarot cards\uff1f<a href=\"https:\/\/joincon.net\/index.php\/product-category\/book-nook-kit\/\"> Star map secrets<\/a> will take you into the office of an extraordinary master, where you can create a place filled with mystery and inspiration. Here, amidst the hustle and bustle of daily life, you can discover inner peace and the boundless potential of the stars.<\/p>\n","protected":false},"featured_media":2067,"comment_status":"open","ping_status":"closed","template":"","meta":{"site-sidebar-layout":"default","site-content-layout":"","ast-site-content-layout":"default","site-content-style":"default","site-sidebar-style":"default","ast-global-header-display":"","ast-banner-title-visibility":"","ast-main-header-display":"","ast-hfb-above-header-display":"","ast-hfb-below-header-display":"","ast-hfb-mobile-header-display":"","site-post-title":"","ast-breadcrumbs-content":"","ast-featured-img":"","footer-sml-layout":"","ast-disable-related-posts":"","theme-transparent-header-meta":"default","adv-header-id-meta":"","stick-header-meta":"","header-above-stick-meta":"","header-main-stick-meta":"","header-below-stick-meta":"","astra-migrate-meta-layouts":"set","ast-page-background-enabled":"default","ast-page-background-meta":{"desktop":{"background-color":"var(--ast-global-color-4)","background-image":"","background-repeat":"repeat","background-position":"center center","background-size":"auto","background-attachment":"scroll","background-type":"","background-media":"","overlay-type":"","overlay-color":"","overlay-opacity":"","overlay-gradient":""},"tablet":{"background-color":"","background-image":"","background-repeat":"repeat","background-position":"center center","background-size":"auto","background-attachment":"scroll","background-type":"","background-media":"","overlay-type":"","overlay-color":"","overlay-opacity":"","overlay-gradient":""},"mobile":{"background-color":"","background-image":"","background-repeat":"repeat","background-position":"center center","background-size":"auto","background-attachment":"scroll","background-type":"","background-media":"","overlay-type":"","overlay-color":"","overlay-opacity":"","overlay-gradient":""}},"ast-content-background-meta":{"desktop":{"background-color":"var(--ast-global-color-5)","background-image":"","background-repeat":"repeat","background-position":"center center","background-size":"auto","background-attachment":"scroll","background-type":"","background-media":"","overlay-type":"","overlay-color":"","overlay-opacity":"","overlay-gradient":""},"tablet":{"background-color":"var(--ast-global-color-5)","background-image":"","background-repeat":"repeat","background-position":"center center","background-size":"auto","background-attachment":"scroll","background-type":"","background-media":"","overlay-type":"","overlay-color":"","overlay-opacity":"","overlay-gradient":""},"mobile":{"background-color":"var(--ast-global-color-5)","background-image":"","background-repeat":"repeat","background-position":"center center","background-size":"auto","background-attachment":"scroll","background-type":"","background-media":"","overlay-type":"","overlay-color":"","overlay-opacity":"","overlay-gradient":""}}},"product_brand":[],"product_cat":[20],"product_tag":[18,23,24],"class_list":{"0":"post-1876","1":"product","2":"type-product","3":"status-publish","4":"has-post-thumbnail","6":"product_cat-book-nook-kit","7":"product_tag-book-nook-kit","8":"product_tag-diy-book-nook","9":"product_tag-gift","10":"desktop-align-left","11":"tablet-align-left","12":"mobile-align-left","14":"first","15":"instock","16":"sale","17":"purchasable","18":"product-type-simple"},"_links":{"self":[{"href":"https:\/\/joincon.net\/index.php\/wp-json\/wp\/v2\/product\/1876","targetHints":{"allow":["GET"]}}],"collection":[{"href":"https:\/\/joincon.net\/index.php\/wp-json\/wp\/v2\/product"}],"about":[{"href":"https:\/\/joincon.net\/index.php\/wp-json\/wp\/v2\/types\/product"}],"replies":[{"embeddable":true,"href":"https:\/\/joincon.net\/index.php\/wp-json\/wp\/v2\/comments?post=1876"}],"wp:featuredmedia":[{"embeddable":true,"href":"https:\/\/joincon.net\/index.php\/wp-json\/wp\/v2\/media\/2067"}],"wp:attachment":[{"href":"https:\/\/joincon.net\/index.php\/wp-json\/wp\/v2\/media?parent=1876"}],"wp:term":[{"taxonomy":"product_brand","embeddable":true,"href":"https:\/\/joincon.net\/index.php\/wp-json\/wp\/v2\/product_brand?post=1876"},{"taxonomy":"product_cat","embeddable":true,"href":"https:\/\/joincon.net\/index.php\/wp-json\/wp\/v2\/product_cat?post=1876"},{"taxonomy":"product_tag","embeddable":true,"href":"https:\/\/joincon.net\/index.php\/wp-json\/wp\/v2\/product_tag?post=1876"}],"curies":[{"name":"wp","href":"https:\/\/api.w.org\/{rel}","templated":true}]}}